ainder when 167012 is divided by 231?
230
What is the remainder when 96325 is divided by 32104?
13
What is the remainder when 40953 is divided by 14?
3
What is the remainder when 429 is divided by 18?
15
What is the remainder when 3183 is divided by 146?
117
What is the remainder when 1375 is divided by 350?
325
Calculate the remainder when 49028 is divided by 53.
3
Calculate the remainder when 4329 is divided by 1436.
21
Calculate the remainder when 3718 is divided by 1237.
7
Calculate the remainder when 425979 is divided by 91.
8
Calculate the remainder when 11758 is divided by 193.
178
Calculate the remainder when 4684 is divided by 1160.
44
What is the remainder when 356324 is divided by 3269?
3
What is the remainder when 409767 is divided by 1027?
1021
What is the remainder when 18021 is divided by 529?
35
What is the remainder when 183590 is divided by 362?
56
What is the remainder when 54963 is divided by 18316?
15
Calculate the remainder when 37035 is divided by 5285.
40
Calculate the remainder when 181329 is divided by 60434.
27
Calculate the remainder when 1988 is divided by 1937.
51
What is the remainder when 524191 is divided by 349?
342
What is the remainder when 1660 is divided by 207?
4
Calculate the remainder when 11469 is divided by 76.
69
Calculate the remainder when 1625 is divided by 449.
278
What is the remainder when 2083 is divided by 9?
4
What is the remainder when 164222 is divided by 48?
14
Calculate the remainder when 3384483 is divided by 63.
60
What is the remainder when 1054960 is divided by 846?
844
What is the remainder when 148964 is divided by 211?
209
What is the remainder when 95763 is divided by 101?
15
Calculate the remainder when 9075 is divided by 349.
1
What is the remainder when 1075 is divided by 51?
4
What is the remainder when 75373 is divided by 221?
12
Calculate the remainder when 273903 is divided by 84.
63
Calculate the remainder when 244148 is divided by 19.
17
Calculate the remainder when 7971 is divided by 7914.
57
Calculate the remainder when 40402 is divided by 295.
282
What is the remainder when 17740 is divided by 18?
10
Calculate the remainder when 2600 is divided by 16.
8
Calculate the remainder when 37148 is divided by 1602.
302
Calculate the remainder when 15474 is divided by 1421.
1264
Calculate the remainder when 104 is divided by 7.
6
Calculate the remainder when 39669 is divided by 409.
405
Calculate the remainder when 5658 is divided by 2829.
0
What is the remainder when 1156 is divided by 209?
111
Calculate the remainder when 14548 is divided by 14538.
10
Calculate the remainder when 924 is divided by 43.
21
What is the remainder when 8645 is divided by 20?
5
What is the remainder when 33039 is divided by 7?
6
What is the remainder when 99740 is divided by 8?
4
Calculate the remainder when 90478 is divided by 3.
1
Calculate the remainder when 112983 is divided by 10.
3
Calculate the remainder when 46763 is divided by 1947.
35
Calculate the remainder when 43954 is divided by 563.
40
Calculate the remainder when 9145 is divided by 1166.
983
Calculate the remainder when 14828 is divided by 14825.
3
Calculate the remainder when 4488 is divided by 30.
18
Calculate the remainder when 24998 is divided by 8328.
14
What is the remainder when 17820 is divided by 251?
250
Calculate the remainder when 5877 is divided by 23.
12
What is the remainder when 1555 is divided by 464?
163
What is the remainder when 19793 is divided by 2474?
1
Calculate the remainder when 3611 is divided by 720.
11
What is the remainder when 611608 is divided by 143?
140
What is the remainder when 25791 is divided by 834?
771
Calculate the remainder when 137396 is divided by 1284.
8
Calculate the remainder when 11166 is divided by 338.
12
Calculate the remainder when 203 is divided by 119.
84
Calculate the remainder when 935 is divided by 648.
287
What is the remainder when 949 is divided by 8?
5
Calculate the remainder when 3349 is divided by 357.
136
Calculate the remainder when 2292 is divided by 186.
60
What is the remainder when 12993 is divided by 255?
243
Calculate the remainder when 7491 is divided by 9.
3
What is the remainder when 505 is divided by 440?
65
Calculate the remainder when 4010 is divided by 2120.
1890
What is the remainder when 236409 is divided by 199?
196
Calculate the remainder when 1300 is divided by 44.
24
Calculate the remainder when 1150 is divided by 1114.
36
What is the remainder when 1877 is divided by 217?
141
What is the remainder when 949449 is divided by 84?
81
Calculate the remainder when 2869 is divided by 497.
384
What is the remainder when 1087 is divided by 1072?
15
Calculate the remainder when 3894 is divided by 3623.
271
What is the remainder when 32944 is divided by 252?
184
What is the remainder when 4867 is divided by 2408?
51
Calculate the remainder when 86350 is divided by 12.
10
What is the remainder when 2770 is divided by 918?
16
What is the remainder when 7143 is divided by 722?
645
Calculate the remainder when 1224 is divided by 604.
16
Calculate the remainder when 59987 is divided by 29984.
19
Calculate the remainder when 14962 is divided by 5.
2
What is the remainder when 257332 is divided by 76?
72
What is the remainder when 275 is divided by 122?
31
What is the remainder when 5461 is divided by 11?
5
What is the remainder when 1803 is divided by 110?
43
Calculate the remainder when 2831 is divided by 2755.
76
Calculate the remainder when 103489 is divided by 9.
7
Calculate the remainder when 27385 is divided by 108.
61
What is the remainder when 38558 is divided by 299?
286
Calculate the remainder when 4057 is divided by 3732.
325
Calculate the remainder when 17018 is divided by 272.
154
Calculate the remainder when 690 is divided by 291.
108
Calculate the remainder when 5591 is divided by 1860.
11
Calculate the remainder when 115720 is divided by 461.
9
What is the remainder when 176 is divided by 11?
0
Calculate the remainder when 263951 is divided by 141.
140
What is the remainder when 21369 is divided by 3559?
15
What is the remainder when 6156 is divided by 3078?
0
What is the remainder when 22237 is divided by 3697?
55
What is the remainder when 8416 is divided by 2795?
31
Calculate the remainder when 4851 is divided by 35.
21
What is the remainder when 109611 is divided by 7?
5
What is the remainder when 1302 is divided by 611?
80
What is the remainder when 51876 is divided by 2255?
11
Calculate the remainder when 6050 is divided by 1356.
626
Calculate the remainder when 2045455 is divided by 261.
259
What is the remainder when 7123 is divided by 2372?
7
Calculate the remainder when 4748 is divided by 170.
158
What is the remainder when 1706 is divided by 843?
20
Calculate the remainder when 1158154 is divided by 36.
34
Calculate the remainder when 676 is divided by 102.
64
Calculate the remainder when 22899 is divided by 27.
3
What is the remainder when 86695 is divided by 7200?
295
Calculate the remainder when 936 is divided by 241.
213
Calculate the remainder when 1800 is divided by 108.
72
What is the remainder when 34847 is divided by 1056?
1055
What is the remainder when 1119 is divided by 525?
69
What is the remainder when 143 is divided by 59?
25
Calculate the remainder when 7039 is divided by 698.
59
Calculate the remainder when 293337 is divided by 2328.
9
Calculate the remainder when 58037 is divided by 38.
11
What is the remainder when 16611 is divided by 308?
287
Calculate the remainder when 10385 is divided by 865.
5
Calculate the remainder when 386343 is divided by 92.
35
Calculate the remainder when 46285 is divided by 140.
85
What is the remainder when 254879 is divided by 472?
471
Calculate the remainder when 384082 is divided by 94.
92
Calculate the remainder when 3005 is divided by 335.
325
What is the remainder when 4616 is divided by 916?
36
Calculate the remainder when 300123 is divided by 51.
39
What is the remainder when 60023 is divided by 43?
38
Calculate the remainder when 4520008 is divided by 436.
432
Calculate the remainder when 15912 is divided by 1318.
96
Calculate the remainder when 120882 is divided by 362.
336
Calculate the remainder when 1228143 is divided by 59.
58
What is the remainder when 4911 is divided by